520 = 27*j - 7*j. What is the units digit of j?
6
Let j be 91/35 - (-3)/(-5). Suppose 0*p = -p + j. What is the units digit of 1/2*76/p?
9
Let l(x) = 2*x**2 + 21*x - 132 - 114 + 263. What is the units digit of l(-15)?
2
Suppose 25*z = 23*z, -786 = -f + 2*z. What is the tens digit of f?
8
Suppose -2*a - 19*a + 483 = 0. What is the units digit of a?
3
What is the hundreds digit of 947 + (4 - (-132)/(-11))?
9
Suppose -15 - 1 = -4*s, 12 = 4*l - s. Let c be 19/3 - (-2)/(-6). Suppose -c = l*x - 10. What is the units digit of x?
1
Suppose 2*s + 5*n = 1305, -11 = -4*n - 7. What is the hundreds digit of s?
6
Let b(q) = 24*q - 17. Let x be b(6). Let a = -79 + x. What is the units digit of a?
8
Let k be (1 - (-3)/(-5))*(-1 + 11). Suppose f + 6*v - 26 = v, -5*f - k*v + 67 = 0. What is the units digit of f?
1
Suppose -2*s = 4*j + j - 4251, -2544 = -3*j + s. What is the hundreds digit of j?
8
What is the tens digit of (7 - 9275/14)*4/(-3)?
7
Suppose 29*y = 4*y + 19200. What is the hundreds digit of y?
7
What is the hundreds digit of -1 + 5478/7 + 3/7?
7
Let l = -140 + 147. Suppose -19*u = -l*u - 588. What is the tens digit of u?
4
Let l = 981 + -852. What is the tens digit of l?
2
Let h(g) be the third derivative of g**6/360 - g**5/120 - g**4/6 + g**3/3 - 2*g**2. Let y(w) be the first derivative of h(w). What is the units digit of y(-6)?
8
Let n be (-3 - (-7)/(-21))*(-336)/20. Suppose -5*r - 125 = -5*h, -4*r - 5*h = -3*r + 13. Let p = n + r. What is the tens digit of p?
3
Let y = 76 - 72. What is the hundreds digit of (y/6)/(6/(1856 - 2))?
2
Suppose -4*w + 6 = -5*r + 51, -3*r - 5*w - 10 = 0. Suppose 32 = r*l - 498. What is the units digit of l?
6
Suppose -6*r + 11*r + 45 = 0. What is the tens digit of (-6)/r + (-3155)/(-15)?
1
Suppose 31*r - 36*r = 15. What is the tens digit of (-2 - r)*1*132?
3
Let f(a) be the second derivative of -a**3/6 + 3*a**2 - 19*a. What is the tens digit of f(-7)?
1
Let r(b) = b**3 - 5*b**2 + 6*b - 3. Let w be r(4). Suppose -h + w*h = 556. Suppose 53 = 6*d - h. What is the tens digit of d?
3
What is the units digit of (-90 - -88)*5*-206?
0
Let f = -53 + 58. Let b(c) = 3*c**2 + 7*c + 4. Let n(r) = -5*r**2 - 14*r - 7. Let x(t) = -7*b(t) - 4*n(t). What is the units digit of x(f)?
0
Suppose -8*c - 8 = 2*k - 4*c, -2*c = 3*k + 8. What is the units digit of (10/(-35))/(k/28)?
4
Suppose 31*m - 5700 = 28*m. What is the hundreds digit of m?
9
Let a be ((-174)/(-18))/(2/(-24)). Let u = a + 171. Suppose -3*v = -20 - u. What is the units digit of v?
5
Suppose -2*l + 5*g = -140, -2*l - g - 2*g = -108. Suppose 4*h = 4*j - h - 20, -4*j = 5*h - l. Let i(b) = 2*b - 5. What is the units digit of i(j)?
5
Let b be 14245/(-14)*24/(-15). Suppose -9*u + b = 2*u. What is the tens digit of u?
4
Let n = 22 + -20. Suppose 5*u + f - 1030 = 2*f, 0 = -n*u + 4*f + 394. What is the hundreds digit of u?
2
Let o(f) = 3*f - 1. Suppose -4*v - 5*l - 1 = 0, -3*l + 0*l = -5*v + 8. Let g be o(v). Suppose g*r - 114 + 10 = 0. What is the tens digit of r?
5
Let i = 19 + 45. Suppose i = 6*k - 2*k. What is the units digit of k?
6
Let y be 30*(1 - (-6)/(-10)). Suppose -y*l + l = -2057. What is the hundreds digit of l?
1
Suppose -4*d = -20, 2*w = -5*d - 69 - 42. Let o = w - -48. Let p = o - -36. What is the tens digit of p?
1
Let o = 8490 - 2799. What is the units digit of o?
1
Let f be 2/14 + 20/7. Suppose 7*y = 4*y + 3*i, y - f*i = -6. Suppose 12 = -2*j + y*j. What is the tens digit of j?
1
Let o(j) be the first derivative of -j**5/60 + j**4/24 + j**3 + 2. Let d(c) be the third derivative of o(c). What is the units digit of d(-2)?
5
Let i(r) = r**3 - 7*r**2 - 4*r - 34. Let l be i(8). What is the tens digit of (-3)/(l - 596/(-300))?
2
Let h(j) = j**3 + 5*j**2 - 9*j - 13. Let m be (-2)/1 + 1/((-7)/21). What is the tens digit of h(m)?
3
Suppose -11*n = -16*n - 230. Let f = n + 60. What is the units digit of f?
4
Let p(k) = -k**3 - 2*k**2 + 2*k + 2. Let n be p(0). Suppose 2*g = -2*l + 132 - 4, -3*g + 123 = n*l. What is the tens digit of l?
6
Let q(a) = -a**3 - 2*a**2 + 2*a + 6. Let c be q(-3). Suppose 2*g = u + 333, 3*u = 6*u + c. What is the hundreds digit of g?
1
Let z = -77 + 136. What is the tens digit of z - (-1 - (3 + -4))?
5
Let z = 373 - 331. What is the units digit of z?
2
Let r = -1034 + 2072. What is the tens digit of r?
3
Suppose -53*i + 25194 = -34*i. What is the hundreds digit of i?
3
Let m(y) = 58*y**2 - 53*y - 476. What is the thousands digit of m(-8)?
3
Let h(z) = 7*z + 7. Let s(q) = -10*q - 11. Let g(v) = -7*h(v) - 5*s(v). Let f(w) = -w - 1. Let t be f(-6). What is the tens digit of g(t)?
1
Let t(q) = 5*q + 20. Let x(j) = -j**2 - 17*j + 23. Let i be x(-18). What is the units digit of t(i)?
5
Let i = 1950 - -369. What is the tens digit of i?
1
Suppose 2*j - d + 4*d + 61 = 0, -5*j = -4*d + 187. What is the units digit of 472/14 + (-10)/j?
4
Let q = -105 + 175. Suppose 218 = 4*z + q. What is the tens digit of z?
3
What is the units digit of ((-3)/2)/(8/(-2336))?
8
Let z(j) = j**3 - 8*j**2 - 8*j - 5. Let y be z(9). Suppose 0 = -y*t + 156 + 88. What is the tens digit of 2/(-6) - t/(-3)?
2
Suppose -5*u - 3115 - 2370 = 0. What is the hundreds digit of 1*(u/(-5) + (-2)/5)?
2
Let i be (1 - 3)*1/1. Let l be i/11 + 11154/121. Suppose -l = -11*g + 7*g. What is the tens digit of g?
2
Suppose -r - 2*r - 4*j - 13 = 0, 5*j = -r + 14. Let t = -10 - r. What is the units digit of t/2*(0 - -16)?
8
Suppose 888 = 3*v - 3*h, 5*h + 0*h + 10 = 0. What is the units digit of v?
4
Suppose 0 = 2*c - 10, -4*g + c = -17 - 6. Suppose 0 = -g*v + 2*v + 520. What is the hundreds digit of v?
1
Let u = -5408 - -8367. What is the thousands digit of u?
2
Suppose g = 6 - 3. Suppose -5*t - g*f - 62 = -488, 4*f - 249 = -3*t. What is the tens digit of t?
8
Let q(n) = 2*n**2 - 6*n + 7. Let b be q(3). Suppose 5*v = -t + 38, 3*t - b*t = -v - 110. What is the units digit of t?
8
Let z(i) = 2*i**2 + 29*i - 197. What is the tens digit of z(13)?
1
Suppose 3*f - h = 6 + 13, -f + 2*h + 13 = 0. Suppose 4*g - 2*u = -f*u + 435, 5*g = -5*u + 545. What is the hundreds digit of g?
1
Let b(s) = s**2 - s + 1. Let i(y) = 3*y**2 - y + 3. Let h(c) = -4*b(c) + 2*i(c). What is the units digit of h(-2)?
6
Let i be (-9 + -103)*(-3 + (0 - -2)). Let l = 223 - i. What is the units digit of l?
1
Suppose 4*a + s - 719 - 155 = 0, -a + 209 = 5*s. What is the hundreds digit of a?
2
Let a(l) = -222*l**3 + l**2 - 4*l - 1. What is the hundreds digit of a(-2)?
7
Suppose 4*v - 9 = -x, -3*v + 23 = -0*x + 4*x. What is the units digit of v?
1
Let k(p) = -p**2 + 2*p + 13. Let u(m) = -m**2 + 13*m - 30. Let r be u(10). What is the tens digit of k(r)?
1
Suppose -o = -0*o - 4*m + 70, 0 = -5*o - 4*m - 326. Let v = -40 - o. What is the tens digit of v?
2
Let y be (2 - (-15)/(-9))/(2/276). Let a = 2 + y. What is the tens digit of a?
4
Let h(u) = -60*u + 240. What is the hundreds digit of h(-7)?
6
Let x be 4 + -6 + (-1815)/(-5). Let m = -185 + x. What is the hundreds digit of m?
1
Suppose -134 - 56 = -10*j. Let y = -16 + j. Suppose -3*f + y*k = -174, -3*k + 111 = 2*f - 0*f. What is the units digit of f?
7
Let c(x) = 9*x - 4. Let r be c(-9). Let s = r - -161. What is the units digit of s?
6
Let z be (-64)/48*(-9)/2. What is the units digit of z/15*1*75?
0
Let t = -22 - -100. Suppose -2*h + s + 6 = -h, -3*h = 3*s - 12. Suppose h*i + t = 3*a + 2*i, 4*a - 2*i - 96 = 0. What is the tens digit of a?
2
Let h = -2060 - -5469. What is the units digit of h?
9
Suppose -4*i - 4*g = 0, 2*i + g + 1 = 3. Suppose 0*s - 20 = -4*a + 3*s, -a - i*s = 6. Suppose -3*f + 30 = -a*f. What is the tens digit of f?
3
Let h(c) = c**2 + c + 3. Suppose 5*k = 2*k + 9. Let t be h(k). Suppose 3*z - 3*n + n = 57, 0 = -z + 2*n + t. What is the units digit of z?
1
Suppose -4*b - i + 1435 + 4876 = 0, -2*b = 5*i - 3169. What is the thousands digit of b?
1
Suppose 2*y + 4*r - 41 = -y, -3*y = -2*r - 11. What is the units digit of ((-2)/4)/(y/(-140))?
0
Suppose 11 = 2*m - 133. Suppose 8*j - m = 5*j. What is the units digit of j?
4
Let i(y) = 104*y - 86. What is the units digit of i(29)?
0
Let o = 339 + 145. What is the hundreds digit of o?
4
Let r(a) = -34 + 0*a**3 - 16*a**2 - 10*a**3 + 8*a**3 + 3*a**3 - 10*a. What is the tens digit of r(17)?
8
Let b(x) = x**3 + 4*x**2 - 5*x + 4. Let h be b